{"id":223,"date":"2026-08-22T10:25:57","date_gmt":"2026-08-22T10:25:57","guid":{"rendered":"https:\/\/isabelle-bodiguel.fr\/index.php\/actu\/"},"modified":"2026-08-22T15:26:37","modified_gmt":"2026-08-22T15:26:37","slug":"actu","status":"publish","type":"page","link":"https:\/\/isabelle-bodiguel.fr\/index.php\/actu\/","title":{"rendered":"Actu"},"content":{"rendered":"\n<p class=\"wp-block-paragraph\"><\/p>\n\n\n\n<p class=\"has-xx-large-font-size wp-block-paragraph\"><strong>A venir :<\/strong><\/p>\n\n\n\n<p class=\"has-medium-font-size wp-block-paragraph\"><strong>Du 1er au 30 septembre 2026<\/strong><br>Exposition \u00e0 <a href=\"https:\/\/www.facebook.com\/p\/LArTchipel-100057186770926\/?locale=fr_FR\" target=\"_blank\" rel=\"noopener\">l&rsquo;Artchipel<\/a> en tant \u00ab\u00a0qu&rsquo;invit\u00e9e \u00e0 d\u00e9couvrir\u00a0\u00bb <\/p>\n\n\n\n<figure class=\"wp-block-image aligncenter size-large is-resized\"><img loading=\"lazy\" decoding=\"async\" width=\"740\" height=\"1024\" src=\"https:\/\/isabelle-bodiguel.fr\/wp-content\/uploads\/2026\/08\/Capture-decran-2026-08-22-a-12.54.31-740x1024.png\" alt=\"\" class=\"wp-image-247\" style=\"aspect-ratio:0.7226620920388099;width:420px;height:auto\" srcset=\"https:\/\/isabelle-bodiguel.fr\/wp-content\/uploads\/2026\/08\/Capture-decran-2026-08-22-a-12.54.31-740x1024.png 740w, https:\/\/isabelle-bodiguel.fr\/wp-content\/uploads\/2026\/08\/Capture-decran-2026-08-22-a-12.54.31-217x300.png 217w, https:\/\/isabelle-bodiguel.fr\/wp-content\/uploads\/2026\/08\/Capture-decran-2026-08-22-a-12.54.31-768x1063.png 768w, https:\/\/isabelle-bodiguel.fr\/wp-content\/uploads\/2026\/08\/Capture-decran-2026-08-22-a-12.54.31-1110x1536.png 1110w, https:\/\/isabelle-bodiguel.fr\/wp-content\/uploads\/2026\/08\/Capture-decran-2026-08-22-a-12.54.31.png 1324w\" sizes=\"auto, (max-width: 740px) 100vw, 740px\" \/><\/figure>\n\n\n\n<p class=\"wp-block-paragraph\"><\/p>\n\n\n\n<p class=\"wp-block-paragraph\"><\/p>\n\n\n\n<div class=\"wp-block-media-text is-stacked-on-mobile\"><figure class=\"wp-block-media-text__media\"><img loading=\"lazy\" decoding=\"async\" width=\"336\" height=\"260\" src=\"https:\/\/isabelle-bodiguel.fr\/wp-content\/uploads\/2026\/08\/Capture-decran-2026-08-22-a-12.56.54.png\" alt=\"\" class=\"wp-image-248 size-full\" srcset=\"https:\/\/isabelle-bodiguel.fr\/wp-content\/uploads\/2026\/08\/Capture-decran-2026-08-22-a-12.56.54.png 336w, https:\/\/isabelle-bodiguel.fr\/wp-content\/uploads\/2026\/08\/Capture-decran-2026-08-22-a-12.56.54-300x232.png 300w\" sizes=\"auto, (max-width: 336px) 100vw, 336px\" \/><\/figure><div class=\"wp-block-media-text__content\">\n<p class=\"has-large-font-size wp-block-paragraph\">18-19-20 septembre<br>Participation avec<br> <a href=\"https:\/\/www.valdelart.com\/\" target=\"_blank\" rel=\"noopener\">Val de l&rsquo;Art <\/a>aux journ\u00e9es du patrimoine \u00e0 Br\u00e9h\u00e9mont<\/p>\n<\/div><\/div>\n\n\n\n<p class=\"wp-block-paragraph\"><\/p>\n\n\n\n<p class=\"wp-block-paragraph\"><\/p>\n\n\n\n<p class=\"wp-block-paragraph\"><\/p>\n\n\n\n<p class=\"wp-block-paragraph\"><\/p>\n\n\n\n<figure class=\"wp-block-image aligncenter size-large is-resized\"><img loading=\"lazy\" decoding=\"async\" width=\"739\" height=\"1024\" src=\"https:\/\/isabelle-bodiguel.fr\/wp-content\/uploads\/2026\/08\/Capture-decran-2026-08-22-a-12.40.46-739x1024.png\" alt=\"\" class=\"wp-image-238\" style=\"aspect-ratio:0.7216783216783217;width:421px;height:auto\" srcset=\"https:\/\/isabelle-bodiguel.fr\/wp-content\/uploads\/2026\/08\/Capture-decran-2026-08-22-a-12.40.46-739x1024.png 739w, https:\/\/isabelle-bodiguel.fr\/wp-content\/uploads\/2026\/08\/Capture-decran-2026-08-22-a-12.40.46-216x300.png 216w, https:\/\/isabelle-bodiguel.fr\/wp-content\/uploads\/2026\/08\/Capture-decran-2026-08-22-a-12.40.46-768x1065.png 768w, https:\/\/isabelle-bodiguel.fr\/wp-content\/uploads\/2026\/08\/Capture-decran-2026-08-22-a-12.40.46-1108x1536.png 1108w, https:\/\/isabelle-bodiguel.fr\/wp-content\/uploads\/2026\/08\/Capture-decran-2026-08-22-a-12.40.46.png 1326w\" sizes=\"auto, (max-width: 739px) 100vw, 739px\" \/><\/figure>\n\n\n\n<figure class=\"wp-block-image aligncenter size-large is-resized\"><img loading=\"lazy\" decoding=\"async\" width=\"900\" height=\"1024\" src=\"https:\/\/isabelle-bodiguel.fr\/wp-content\/uploads\/2026\/08\/Capture-decran-2026-08-22-a-12.45.02-900x1024.png\" alt=\"\" class=\"wp-image-243\" style=\"aspect-ratio:0.8789062841123979;width:420px;height:auto\" srcset=\"https:\/\/isabelle-bodiguel.fr\/wp-content\/uploads\/2026\/08\/Capture-decran-2026-08-22-a-12.45.02-900x1024.png 900w, https:\/\/isabelle-bodiguel.fr\/wp-content\/uploads\/2026\/08\/Capture-decran-2026-08-22-a-12.45.02-264x300.png 264w, https:\/\/isabelle-bodiguel.fr\/wp-content\/uploads\/2026\/08\/Capture-decran-2026-08-22-a-12.45.02-768x874.png 768w, https:\/\/isabelle-bodiguel.fr\/wp-content\/uploads\/2026\/08\/Capture-decran-2026-08-22-a-12.45.02-1350x1536.png 1350w, https:\/\/isabelle-bodiguel.fr\/wp-content\/uploads\/2026\/08\/Capture-decran-2026-08-22-a-12.45.02.png 1628w\" sizes=\"auto, (max-width: 900px) 100vw, 900px\" \/><\/figure>\n\n\n\n<figure class=\"wp-block-image aligncenter size-large is-resized\"><img loading=\"lazy\" decoding=\"async\" width=\"768\" height=\"1024\" src=\"https:\/\/isabelle-bodiguel.fr\/wp-content\/uploads\/2026\/08\/IMG-20260808-WA0010-768x1024.jpg\" alt=\"\" class=\"wp-image-239\" style=\"width:423px;height:auto\" srcset=\"https:\/\/isabelle-bodiguel.fr\/wp-content\/uploads\/2026\/08\/IMG-20260808-WA0010-768x1024.jpg 768w, https:\/\/isabelle-bodiguel.fr\/wp-content\/uploads\/2026\/08\/IMG-20260808-WA0010-225x300.jpg 225w, https:\/\/isabelle-bodiguel.fr\/wp-content\/uploads\/2026\/08\/IMG-20260808-WA0010-1152x1536.jpg 1152w, https:\/\/isabelle-bodiguel.fr\/wp-content\/uploads\/2026\/08\/IMG-20260808-WA0010.jpg 1200w\" sizes=\"auto, (max-width: 768px) 100vw, 768px\" \/><\/figure>\n\n\n\n<p class=\"has-text-align-center has-medium-font-size wp-block-paragraph\">Vernissage de l&rsquo;exposition l&rsquo;Art \u00e0 la Chapelle<\/p>\n\n\n\n<p class=\"wp-block-paragraph\"><\/p>\n\n\n\n<p class=\"wp-block-paragraph\"><\/p>\n\n\n\n<figure class=\"wp-block-image aligncenter size-large is-resized\"><img loading=\"lazy\" decoding=\"async\" width=\"516\" height=\"1024\" src=\"https:\/\/isabelle-bodiguel.fr\/wp-content\/uploads\/2026\/08\/Capture-decran-2026-08-22-a-12.35.19-516x1024.png\" alt=\"\" class=\"wp-image-232\" style=\"width:445px;height:auto\" srcset=\"https:\/\/isabelle-bodiguel.fr\/wp-content\/uploads\/2026\/08\/Capture-decran-2026-08-22-a-12.35.19-516x1024.png 516w, https:\/\/isabelle-bodiguel.fr\/wp-content\/uploads\/2026\/08\/Capture-decran-2026-08-22-a-12.35.19-151x300.png 151w, https:\/\/isabelle-bodiguel.fr\/wp-content\/uploads\/2026\/08\/Capture-decran-2026-08-22-a-12.35.19-768x1525.png 768w, https:\/\/isabelle-bodiguel.fr\/wp-content\/uploads\/2026\/08\/Capture-decran-2026-08-22-a-12.35.19-774x1536.png 774w, https:\/\/isabelle-bodiguel.fr\/wp-content\/uploads\/2026\/08\/Capture-decran-2026-08-22-a-12.35.19.png 946w\" sizes=\"auto, (max-width: 516px) 100vw, 516px\" \/><\/figure>\n\n\n\n<p class=\"has-text-align-center has-medium-font-size wp-block-paragraph\">Participation \u00e0 la biennale 2026<\/p>\n\n\n\n<figure class=\"wp-block-image aligncenter size-full is-resized\"><img loading=\"lazy\" decoding=\"async\" width=\"1396\" height=\"1070\" src=\"https:\/\/isabelle-bodiguel.fr\/wp-content\/uploads\/2026\/08\/Capture-decran-2026-05-11-a-08.42.17.png\" alt=\"\" class=\"wp-image-231\" style=\"aspect-ratio:1.304655636963885;width:527px;height:auto\" srcset=\"https:\/\/isabelle-bodiguel.fr\/wp-content\/uploads\/2026\/08\/Capture-decran-2026-05-11-a-08.42.17.png 1396w, https:\/\/isabelle-bodiguel.fr\/wp-content\/uploads\/2026\/08\/Capture-decran-2026-05-11-a-08.42.17-300x230.png 300w, https:\/\/isabelle-bodiguel.fr\/wp-content\/uploads\/2026\/08\/Capture-decran-2026-05-11-a-08.42.17-1024x785.png 1024w, https:\/\/isabelle-bodiguel.fr\/wp-content\/uploads\/2026\/08\/Capture-decran-2026-05-11-a-08.42.17-768x589.png 768w\" sizes=\"auto, (max-width: 1396px) 100vw, 1396px\" \/><figcaption class=\"wp-element-caption\">M\u00e9diation avec l&rsquo;\u00e9cole de Savonni\u00e8re lors de la biennale<\/figcaption><\/figure>\n\n\n\n<figure class=\"wp-block-image aligncenter size-large is-resized\"><img loading=\"lazy\" decoding=\"async\" width=\"720\" height=\"1024\" src=\"https:\/\/isabelle-bodiguel.fr\/wp-content\/uploads\/2026\/08\/Capture-decran-2026-08-22-a-12.37.28-720x1024.png\" alt=\"\" class=\"wp-image-234\" style=\"aspect-ratio:0.7031250155942388;width:433px;height:auto\" srcset=\"https:\/\/isabelle-bodiguel.fr\/wp-content\/uploads\/2026\/08\/Capture-decran-2026-08-22-a-12.37.28-720x1024.png 720w, https:\/\/isabelle-bodiguel.fr\/wp-content\/uploads\/2026\/08\/Capture-decran-2026-08-22-a-12.37.28-211x300.png 211w, https:\/\/isabelle-bodiguel.fr\/wp-content\/uploads\/2026\/08\/Capture-decran-2026-08-22-a-12.37.28-768x1092.png 768w, https:\/\/isabelle-bodiguel.fr\/wp-content\/uploads\/2026\/08\/Capture-decran-2026-08-22-a-12.37.28-1080x1536.png 1080w, https:\/\/isabelle-bodiguel.fr\/wp-content\/uploads\/2026\/08\/Capture-decran-2026-08-22-a-12.37.28.png 1304w\" sizes=\"auto, (max-width: 720px) 100vw, 720px\" \/><\/figure>\n\n\n\n<figure class=\"wp-block-image aligncenter size-large is-resized\"><img loading=\"lazy\" decoding=\"async\" width=\"568\" height=\"1024\" src=\"https:\/\/isabelle-bodiguel.fr\/wp-content\/uploads\/2026\/08\/Capture-decran-2026-08-22-a-12.38.51-568x1024.png\" alt=\"\" class=\"wp-image-236\" style=\"aspect-ratio:0.5546902997830097;width:437px;height:auto\" srcset=\"https:\/\/isabelle-bodiguel.fr\/wp-content\/uploads\/2026\/08\/Capture-decran-2026-08-22-a-12.38.51-568x1024.png 568w, https:\/\/isabelle-bodiguel.fr\/wp-content\/uploads\/2026\/08\/Capture-decran-2026-08-22-a-12.38.51-166x300.png 166w, https:\/\/isabelle-bodiguel.fr\/wp-content\/uploads\/2026\/08\/Capture-decran-2026-08-22-a-12.38.51-768x1386.png 768w, https:\/\/isabelle-bodiguel.fr\/wp-content\/uploads\/2026\/08\/Capture-decran-2026-08-22-a-12.38.51-851x1536.png 851w, https:\/\/isabelle-bodiguel.fr\/wp-content\/uploads\/2026\/08\/Capture-decran-2026-08-22-a-12.38.51.png 1042w\" sizes=\"auto, (max-width: 568px) 100vw, 568px\" \/><\/figure>\n\n\n\n<figure class=\"wp-block-image aligncenter size-full is-resized\"><img loading=\"lazy\" decoding=\"async\" width=\"890\" height=\"728\" src=\"https:\/\/isabelle-bodiguel.fr\/wp-content\/uploads\/2026\/08\/Capture-decran-2026-08-22-a-12.50.47.png\" alt=\"\" class=\"wp-image-245\" style=\"aspect-ratio:1.2225171149480842;width:453px;height:auto\" srcset=\"https:\/\/isabelle-bodiguel.fr\/wp-content\/uploads\/2026\/08\/Capture-decran-2026-08-22-a-12.50.47.png 890w, https:\/\/isabelle-bodiguel.fr\/wp-content\/uploads\/2026\/08\/Capture-decran-2026-08-22-a-12.50.47-300x245.png 300w, https:\/\/isabelle-bodiguel.fr\/wp-content\/uploads\/2026\/08\/Capture-decran-2026-08-22-a-12.50.47-768x628.png 768w\" sizes=\"auto, (max-width: 890px) 100vw, 890px\" \/><\/figure>\n\n\n\n<p class=\"has-text-align-center has-medium-font-size wp-block-paragraph\">participation au salon <br>de la peinture sculpture de Noyal-Chatillon\/seiche<\/p>\n\n\n\n<p class=\"wp-block-paragraph\"><\/p>\n\n\n\n<p class=\"wp-block-paragraph\"><\/p>\n\n\n\n<p class=\"wp-block-paragraph\"><\/p>\n\n\n\n<p class=\"wp-block-paragraph\"><\/p>\n\n\n\n<p class=\"wp-block-paragraph\"><\/p>\n\n\n\n<p class=\"wp-block-paragraph\"><\/p>\n","protected":false},"excerpt":{"rendered":"<p>A venir : Du 1er au 30 septembre 2026Exposition \u00e0 l&rsquo;Artchipel en tant \u00ab\u00a0qu&rsquo;invit\u00e9e \u00e0 d\u00e9couvrir\u00a0\u00bb 18-19-20 septembreParticipation avec Val de l&rsquo;Art aux journ\u00e9es du patrimoine \u00e0 Br\u00e9h\u00e9mont Vernissage de l&rsquo;exposition l&rsquo;Art \u00e0 la Chapelle Participation \u00e0 la biennale 2026 participation au salon de la peinture sculpture de Noyal-Chatillon\/seiche<\/p>\n","protected":false},"author":1,"featured_media":0,"parent":0,"menu_order":0,"comment_status":"closed","ping_status":"closed","template":"","meta":{"footnotes":""},"class_list":["post-223","page","type-page","status-publish","hentry"],"_links":{"self":[{"href":"https:\/\/isabelle-bodiguel.fr\/index.php\/wp-json\/wp\/v2\/pages\/223","targetHints":{"allow":["GET"]}}],"collection":[{"href":"https:\/\/isabelle-bodiguel.fr\/index.php\/wp-json\/wp\/v2\/pages"}],"about":[{"href":"https:\/\/isabelle-bodiguel.fr\/index.php\/wp-json\/wp\/v2\/types\/page"}],"author":[{"embeddable":true,"href":"https:\/\/isabelle-bodiguel.fr\/index.php\/wp-json\/wp\/v2\/users\/1"}],"replies":[{"embeddable":true,"href":"https:\/\/isabelle-bodiguel.fr\/index.php\/wp-json\/wp\/v2\/comments?post=223"}],"version-history":[{"count":13,"href":"https:\/\/isabelle-bodiguel.fr\/index.php\/wp-json\/wp\/v2\/pages\/223\/revisions"}],"predecessor-version":[{"id":344,"href":"https:\/\/isabelle-bodiguel.fr\/index.php\/wp-json\/wp\/v2\/pages\/223\/revisions\/344"}],"wp:attachment":[{"href":"https:\/\/isabelle-bodiguel.fr\/index.php\/wp-json\/wp\/v2\/media?parent=223"}],"curies":[{"name":"wp","href":"https:\/\/api.w.org\/{rel}","templated":true}]}}

<p class="wp-block-paragraph"></p>



<p class="has-xx-large-font-size wp-block-paragraph"><strong>A venir :</strong></p>



<p class="has-medium-font-size wp-block-paragraph"><strong>Du 1er au 30 septembre 2026</strong><br>Exposition à <a href="https://www.facebook.com/p/LArTchipel-100057186770926/?locale=fr_FR" target="_blank" rel="noopener">l&rsquo;Artchipel</a> en tant « qu&rsquo;invitée à découvrir » </p>



<figure class="wp-block-image aligncenter size-large is-resized"><img loading="lazy" decoding="async" width="740" height="1024" src="https://isabelle-bodiguel.fr/wp-content/uploads/2026/08/Capture-decran-2026-08-22-a-12.54.31-740x1024.png" alt="" class="wp-image-247" style="aspect-ratio:0.7226620920388099;width:420px;height:auto" srcset="https://isabelle-bodiguel.fr/wp-content/uploads/2026/08/Capture-decran-2026-08-22-a-12.54.31-740x1024.png 740w, https://isabelle-bodiguel.fr/wp-content/uploads/2026/08/Capture-decran-2026-08-22-a-12.54.31-217x300.png 217w, https://isabelle-bodiguel.fr/wp-content/uploads/2026/08/Capture-decran-2026-08-22-a-12.54.31-768x1063.png 768w, https://isabelle-bodiguel.fr/wp-content/uploads/2026/08/Capture-decran-2026-08-22-a-12.54.31-1110x1536.png 1110w, https://isabelle-bodiguel.fr/wp-content/uploads/2026/08/Capture-decran-2026-08-22-a-12.54.31.png 1324w" sizes="auto, (max-width: 740px) 100vw, 740px" /></figure>



<p class="wp-block-paragraph"></p>



<p class="wp-block-paragraph"></p>



<div class="wp-block-media-text is-stacked-on-mobile"><figure class="wp-block-media-text__media"><img loading="lazy" decoding="async" width="336" height="260" src="https://isabelle-bodiguel.fr/wp-content/uploads/2026/08/Capture-decran-2026-08-22-a-12.56.54.png" alt="" class="wp-image-248 size-full" srcset="https://isabelle-bodiguel.fr/wp-content/uploads/2026/08/Capture-decran-2026-08-22-a-12.56.54.png 336w, https://isabelle-bodiguel.fr/wp-content/uploads/2026/08/Capture-decran-2026-08-22-a-12.56.54-300x232.png 300w" sizes="auto, (max-width: 336px) 100vw, 336px" /></figure><div class="wp-block-media-text__content">
<p class="has-large-font-size wp-block-paragraph">18-19-20 septembre<br>Participation avec<br> <a href="https://www.valdelart.com/" target="_blank" rel="noopener">Val de l&rsquo;Art </a>aux journées du patrimoine à Bréhémont</p>
</div></div>



<p class="wp-block-paragraph"></p>



<p class="wp-block-paragraph"></p>



<p class="wp-block-paragraph"></p>



<p class="wp-block-paragraph"></p>



<figure class="wp-block-image aligncenter size-large is-resized"><img loading="lazy" decoding="async" width="739" height="1024" src="https://isabelle-bodiguel.fr/wp-content/uploads/2026/08/Capture-decran-2026-08-22-a-12.40.46-739x1024.png" alt="" class="wp-image-238" style="aspect-ratio:0.7216783216783217;width:421px;height:auto" srcset="https://isabelle-bodiguel.fr/wp-content/uploads/2026/08/Capture-decran-2026-08-22-a-12.40.46-739x1024.png 739w, https://isabelle-bodiguel.fr/wp-content/uploads/2026/08/Capture-decran-2026-08-22-a-12.40.46-216x300.png 216w, https://isabelle-bodiguel.fr/wp-content/uploads/2026/08/Capture-decran-2026-08-22-a-12.40.46-768x1065.png 768w, https://isabelle-bodiguel.fr/wp-content/uploads/2026/08/Capture-decran-2026-08-22-a-12.40.46-1108x1536.png 1108w, https://isabelle-bodiguel.fr/wp-content/uploads/2026/08/Capture-decran-2026-08-22-a-12.40.46.png 1326w" sizes="auto, (max-width: 739px) 100vw, 739px" /></figure>



<figure class="wp-block-image aligncenter size-large is-resized"><img loading="lazy" decoding="async" width="900" height="1024" src="https://isabelle-bodiguel.fr/wp-content/uploads/2026/08/Capture-decran-2026-08-22-a-12.45.02-900x1024.png" alt="" class="wp-image-243" style="aspect-ratio:0.8789062841123979;width:420px;height:auto" srcset="https://isabelle-bodiguel.fr/wp-content/uploads/2026/08/Capture-decran-2026-08-22-a-12.45.02-900x1024.png 900w, https://isabelle-bodiguel.fr/wp-content/uploads/2026/08/Capture-decran-2026-08-22-a-12.45.02-264x300.png 264w, https://isabelle-bodiguel.fr/wp-content/uploads/2026/08/Capture-decran-2026-08-22-a-12.45.02-768x874.png 768w, https://isabelle-bodiguel.fr/wp-content/uploads/2026/08/Capture-decran-2026-08-22-a-12.45.02-1350x1536.png 1350w, https://isabelle-bodiguel.fr/wp-content/uploads/2026/08/Capture-decran-2026-08-22-a-12.45.02.png 1628w" sizes="auto, (max-width: 900px) 100vw, 900px" /></figure>



<figure class="wp-block-image aligncenter size-large is-resized"><img loading="lazy" decoding="async" width="768" height="1024" src="https://isabelle-bodiguel.fr/wp-content/uploads/2026/08/IMG-20260808-WA0010-768x1024.jpg" alt="" class="wp-image-239" style="width:423px;height:auto" srcset="https://isabelle-bodiguel.fr/wp-content/uploads/2026/08/IMG-20260808-WA0010-768x1024.jpg 768w, https://isabelle-bodiguel.fr/wp-content/uploads/2026/08/IMG-20260808-WA0010-225x300.jpg 225w, https://isabelle-bodiguel.fr/wp-content/uploads/2026/08/IMG-20260808-WA0010-1152x1536.jpg 1152w, https://isabelle-bodiguel.fr/wp-content/uploads/2026/08/IMG-20260808-WA0010.jpg 1200w" sizes="auto, (max-width: 768px) 100vw, 768px" /></figure>



<p class="has-text-align-center has-medium-font-size wp-block-paragraph">Vernissage de l&rsquo;exposition l&rsquo;Art à la Chapelle</p>



<p class="wp-block-paragraph"></p>



<p class="wp-block-paragraph"></p>



<figure class="wp-block-image aligncenter size-large is-resized"><img loading="lazy" decoding="async" width="516" height="1024" src="https://isabelle-bodiguel.fr/wp-content/uploads/2026/08/Capture-decran-2026-08-22-a-12.35.19-516x1024.png" alt="" class="wp-image-232" style="width:445px;height:auto" srcset="https://isabelle-bodiguel.fr/wp-content/uploads/2026/08/Capture-decran-2026-08-22-a-12.35.19-516x1024.png 516w, https://isabelle-bodiguel.fr/wp-content/uploads/2026/08/Capture-decran-2026-08-22-a-12.35.19-151x300.png 151w, https://isabelle-bodiguel.fr/wp-content/uploads/2026/08/Capture-decran-2026-08-22-a-12.35.19-768x1525.png 768w, https://isabelle-bodiguel.fr/wp-content/uploads/2026/08/Capture-decran-2026-08-22-a-12.35.19-774x1536.png 774w, https://isabelle-bodiguel.fr/wp-content/uploads/2026/08/Capture-decran-2026-08-22-a-12.35.19.png 946w" sizes="auto, (max-width: 516px) 100vw, 516px" /></figure>



<p class="has-text-align-center has-medium-font-size wp-block-paragraph">Participation à la biennale 2026</p>



<figure class="wp-block-image aligncenter size-full is-resized"><img loading="lazy" decoding="async" width="1396" height="1070" src="https://isabelle-bodiguel.fr/wp-content/uploads/2026/08/Capture-decran-2026-05-11-a-08.42.17.png" alt="" class="wp-image-231" style="aspect-ratio:1.304655636963885;width:527px;height:auto" srcset="https://isabelle-bodiguel.fr/wp-content/uploads/2026/08/Capture-decran-2026-05-11-a-08.42.17.png 1396w, https://isabelle-bodiguel.fr/wp-content/uploads/2026/08/Capture-decran-2026-05-11-a-08.42.17-300x230.png 300w, https://isabelle-bodiguel.fr/wp-content/uploads/2026/08/Capture-decran-2026-05-11-a-08.42.17-1024x785.png 1024w, https://isabelle-bodiguel.fr/wp-content/uploads/2026/08/Capture-decran-2026-05-11-a-08.42.17-768x589.png 768w" sizes="auto, (max-width: 1396px) 100vw, 1396px" /><figcaption class="wp-element-caption">Médiation avec l&rsquo;école de Savonnière lors de la biennale</figcaption></figure>



<figure class="wp-block-image aligncenter size-large is-resized"><img loading="lazy" decoding="async" width="720" height="1024" src="https://isabelle-bodiguel.fr/wp-content/uploads/2026/08/Capture-decran-2026-08-22-a-12.37.28-720x1024.png" alt="" class="wp-image-234" style="aspect-ratio:0.7031250155942388;width:433px;height:auto" srcset="https://isabelle-bodiguel.fr/wp-content/uploads/2026/08/Capture-decran-2026-08-22-a-12.37.28-720x1024.png 720w, https://isabelle-bodiguel.fr/wp-content/uploads/2026/08/Capture-decran-2026-08-22-a-12.37.28-211x300.png 211w, https://isabelle-bodiguel.fr/wp-content/uploads/2026/08/Capture-decran-2026-08-22-a-12.37.28-768x1092.png 768w, https://isabelle-bodiguel.fr/wp-content/uploads/2026/08/Capture-decran-2026-08-22-a-12.37.28-1080x1536.png 1080w, https://isabelle-bodiguel.fr/wp-content/uploads/2026/08/Capture-decran-2026-08-22-a-12.37.28.png 1304w" sizes="auto, (max-width: 720px) 100vw, 720px" /></figure>



<figure class="wp-block-image aligncenter size-large is-resized"><img loading="lazy" decoding="async" width="568" height="1024" src="https://isabelle-bodiguel.fr/wp-content/uploads/2026/08/Capture-decran-2026-08-22-a-12.38.51-568x1024.png" alt="" class="wp-image-236" style="aspect-ratio:0.5546902997830097;width:437px;height:auto" srcset="https://isabelle-bodiguel.fr/wp-content/uploads/2026/08/Capture-decran-2026-08-22-a-12.38.51-568x1024.png 568w, https://isabelle-bodiguel.fr/wp-content/uploads/2026/08/Capture-decran-2026-08-22-a-12.38.51-166x300.png 166w, https://isabelle-bodiguel.fr/wp-content/uploads/2026/08/Capture-decran-2026-08-22-a-12.38.51-768x1386.png 768w, https://isabelle-bodiguel.fr/wp-content/uploads/2026/08/Capture-decran-2026-08-22-a-12.38.51-851x1536.png 851w, https://isabelle-bodiguel.fr/wp-content/uploads/2026/08/Capture-decran-2026-08-22-a-12.38.51.png 1042w" sizes="auto, (max-width: 568px) 100vw, 568px" /></figure>



<figure class="wp-block-image aligncenter size-full is-resized"><img loading="lazy" decoding="async" width="890" height="728" src="https://isabelle-bodiguel.fr/wp-content/uploads/2026/08/Capture-decran-2026-08-22-a-12.50.47.png" alt="" class="wp-image-245" style="aspect-ratio:1.2225171149480842;width:453px;height:auto" srcset="https://isabelle-bodiguel.fr/wp-content/uploads/2026/08/Capture-decran-2026-08-22-a-12.50.47.png 890w, https://isabelle-bodiguel.fr/wp-content/uploads/2026/08/Capture-decran-2026-08-22-a-12.50.47-300x245.png 300w, https://isabelle-bodiguel.fr/wp-content/uploads/2026/08/Capture-decran-2026-08-22-a-12.50.47-768x628.png 768w" sizes="auto, (max-width: 890px) 100vw, 890px" /></figure>



<p class="has-text-align-center has-medium-font-size wp-block-paragraph">participation au salon <br>de la peinture sculpture de Noyal-Chatillon/seiche</p>



<p class="wp-block-paragraph"></p>



<p class="wp-block-paragraph"></p>



<p class="wp-block-paragraph"></p>



<p class="wp-block-paragraph"></p>



<p class="wp-block-paragraph"></p>



<p class="wp-block-paragraph"></p>

<p>A venir : Du 1er au 30 septembre 2026Exposition à l&rsquo;Artchipel en tant « qu&rsquo;invitée à découvrir » 18-19-20 septembreParticipation avec Val de l&rsquo;Art aux journées du patrimoine à Bréhémont Vernissage de l&rsquo;exposition l&rsquo;Art à la Chapelle Participation à la biennale 2026 participation au salon de la peinture sculpture de Noyal-Chatillon/seiche</p>
