{"id":20,"date":"2026-08-19T15:00:02","date_gmt":"2026-08-19T15:00:02","guid":{"rendered":"https:\/\/isabelle-bodiguel.fr\/index.php\/expos\/"},"modified":"2026-08-21T09:05:09","modified_gmt":"2026-08-21T09:05:09","slug":"expos","status":"publish","type":"page","link":"https:\/\/isabelle-bodiguel.fr\/index.php\/expos\/","title":{"rendered":"expos"},"content":{"rendered":"\n<p class=\"has-medium-font-size wp-block-paragraph\">2027 : Galerie Victor Hugo Amboise<br>2027 : Pavillon Charles X- Saint-Cyr sur Loire<br>2026 : Journ\u00e9es du Patrimoine &#8211; Br\u00e9h\u00e9mont<br>2026 : <a href=\"https:\/\/www.facebook.com\/profile.php?id=100057186770926&amp;__cft__[0]=AZa22Oz3_anCAK9-heAnPAWdn0K4nDevHHaXsqy_wL_rS8r0j2J7Yl2ksM1ZsOhvwAhJPICo0QlLaM1ZFTN5rs-IhJ9hxH0Cck508MyCB8U3Glwqkmy1aRXFAj-X_u2g5Fg2s7VdQgUPWRJCkx5boHvhuZ4mhfYYSItsgR4XJAsIW4azFsF-dU52CnJB2bijU_8&amp;__tn__=-UC%2CP-R\"><strong>L&rsquo;ArTchipel<\/strong><\/a> &#8211; Azay-le Rideau<br>2026 : L&rsquo;art \u00e0 la Chapelle Noyers sur Cher<br>2026 : 17e biennale \u00e0 Savonni\u00e8res<br>2026 : La Clart\u00e9 &#8211; Saint-Cyr sur Loire<br>2025 : Salon de Noyal-Chatillon\/Seiche<br>2024 : Pavillon Charles X- Saint-Cyr sur Loire<br>2023 : Escale-Saint-Cyr sur Loire<br>2023 : Pavillon Charles X- Saint-Cyr sur Loire<br>2022 : Manoir de la tour- Saint-Cyr sur Loire<br>2021 : Pavillon Charles X- Saint-Cyr sur Loire<br>2020 : Chambray-les-Tours<\/p>\n","protected":false},"excerpt":{"rendered":"<p>2027 : Galerie Victor Hugo Amboise2027 : Pavillon Charles X- Saint-Cyr sur Loire2026 : Journ\u00e9es du Patrimoine &#8211; Br\u00e9h\u00e9mont2026 : L&rsquo;ArTchipel &#8211; Azay-le Rideau2026 : L&rsquo;art \u00e0 la Chapelle Noyers sur Cher2026 : 17e biennale \u00e0 Savonni\u00e8res2026 : La Clart\u00e9 &#8211; Saint-Cyr sur Loire2025 : Salon de Noyal-Chatillon\/Seiche2024 : Pavillon Charles X- Saint-Cyr sur Loire2023 [&hellip;]<\/p>\n","protected":false},"author":1,"featured_media":178,"parent":0,"menu_order":0,"comment_status":"closed","ping_status":"closed","template":"","meta":{"footnotes":""},"class_list":["post-20","page","type-page","status-publish","has-post-thumbnail","hentry"],"_links":{"self":[{"href":"https:\/\/isabelle-bodiguel.fr\/index.php\/wp-json\/wp\/v2\/pages\/20","targetHints":{"allow":["GET"]}}],"collection":[{"href":"https:\/\/isabelle-bodiguel.fr\/index.php\/wp-json\/wp\/v2\/pages"}],"about":[{"href":"https:\/\/isabelle-bodiguel.fr\/index.php\/wp-json\/wp\/v2\/types\/page"}],"author":[{"embeddable":true,"href":"https:\/\/isabelle-bodiguel.fr\/index.php\/wp-json\/wp\/v2\/users\/1"}],"replies":[{"embeddable":true,"href":"https:\/\/isabelle-bodiguel.fr\/index.php\/wp-json\/wp\/v2\/comments?post=20"}],"version-history":[{"count":8,"href":"https:\/\/isabelle-bodiguel.fr\/index.php\/wp-json\/wp\/v2\/pages\/20\/revisions"}],"predecessor-version":[{"id":185,"href":"https:\/\/isabelle-bodiguel.fr\/index.php\/wp-json\/wp\/v2\/pages\/20\/revisions\/185"}],"wp:featuredmedia":[{"embeddable":true,"href":"https:\/\/isabelle-bodiguel.fr\/index.php\/wp-json\/wp\/v2\/media\/178"}],"wp:attachment":[{"href":"https:\/\/isabelle-bodiguel.fr\/index.php\/wp-json\/wp\/v2\/media?parent=20"}],"curies":[{"name":"wp","href":"https:\/\/api.w.org\/{rel}","templated":true}]}}

<p class="has-medium-font-size wp-block-paragraph">2027 : Galerie Victor Hugo Amboise<br>2027 : Pavillon Charles X- Saint-Cyr sur Loire<br>2026 : Journées du Patrimoine &#8211; Bréhémont<br>2026 : <a href="https://www.facebook.com/profile.php?id=100057186770926&amp;__cft__[0]=AZa22Oz3_anCAK9-heAnPAWdn0K4nDevHHaXsqy_wL_rS8r0j2J7Yl2ksM1ZsOhvwAhJPICo0QlLaM1ZFTN5rs-IhJ9hxH0Cck508MyCB8U3Glwqkmy1aRXFAj-X_u2g5Fg2s7VdQgUPWRJCkx5boHvhuZ4mhfYYSItsgR4XJAsIW4azFsF-dU52CnJB2bijU_8&amp;__tn__=-UC%2CP-R"><strong>L&rsquo;ArTchipel</strong></a> &#8211; Azay-le Rideau<br>2026 : L&rsquo;art à la Chapelle Noyers sur Cher<br>2026 : 17e biennale à Savonnières<br>2026 : La Clarté &#8211; Saint-Cyr sur Loire<br>2025 : Salon de Noyal-Chatillon/Seiche<br>2024 : Pavillon Charles X- Saint-Cyr sur Loire<br>2023 : Escale-Saint-Cyr sur Loire<br>2023 : Pavillon Charles X- Saint-Cyr sur Loire<br>2022 : Manoir de la tour- Saint-Cyr sur Loire<br>2021 : Pavillon Charles X- Saint-Cyr sur Loire<br>2020 : Chambray-les-Tours</p>

<p>2027 : Galerie Victor Hugo Amboise2027 : Pavillon Charles X- Saint-Cyr sur Loire2026 : Journées du Patrimoine &#8211; Bréhémont2026 : L&rsquo;ArTchipel &#8211; Azay-le Rideau2026 : L&rsquo;art à la Chapelle Noyers sur Cher2026 : 17e biennale à Savonnières2026 : La Clarté &#8211; Saint-Cyr sur Loire2025 : Salon de Noyal-Chatillon/Seiche2024 : Pavillon Charles X- Saint-Cyr sur Loire2023 [&hellip;]</p>
