{"id":18,"date":"2026-08-19T14:59:29","date_gmt":"2026-08-19T14:59:29","guid":{"rendered":"https:\/\/isabelle-bodiguel.fr\/index.php\/bio\/"},"modified":"2026-08-23T10:25:19","modified_gmt":"2026-08-23T10:25:19","slug":"bio","status":"publish","type":"page","link":"https:\/\/isabelle-bodiguel.fr\/index.php\/bio\/","title":{"rendered":"Bio"},"content":{"rendered":"\n<div class=\"wp-block-media-text alignfull is-stacked-on-mobile is-vertically-aligned-center\" style=\"grid-template-columns:27% auto\"><figure class=\"wp-block-media-text__media\"><img loading=\"lazy\" decoding=\"async\" width=\"938\" height=\"903\" src=\"http:\/\/isabelle-bodiguel.fr\/wp-content\/uploads\/2026\/08\/loup-moi.jpg\" alt=\"\" class=\"wp-image-55 size-full\" srcset=\"https:\/\/isabelle-bodiguel.fr\/wp-content\/uploads\/2026\/08\/loup-moi.jpg 938w, https:\/\/isabelle-bodiguel.fr\/wp-content\/uploads\/2026\/08\/loup-moi-300x289.jpg 300w, https:\/\/isabelle-bodiguel.fr\/wp-content\/uploads\/2026\/08\/loup-moi-768x739.jpg 768w\" sizes=\"auto, (max-width: 938px) 100vw, 938px\" \/><\/figure><div class=\"wp-block-media-text__content\">\n<p class=\"has-contrast-color has-text-color has-link-color has-fira-sans-font-family has-medium-font-size wp-elements-1 wp-block-paragraph\"><mark style=\"background-color:rgba(0, 0, 0, 0);color:#ac4e4e\" class=\"has-inline-color\">Modeler le vivant en hommage \u00e0 la nature et \u00e0 sa faune.<\/mark><br><br>Bretonne d\u2019origine, je vis d\u00e9sormais en Touraine o\u00f9 j&rsquo;ai continu\u00e9 \u00e0 d\u00e9velopper mon parcours artistique au fil d\u2019explorations personnelles, de formations et de rencontres marquantes.<br>Apr\u00e8s des \u00e9tudes musicales, je me suis tourn\u00e9e vers la peinture, un m\u00e9dium qui m&rsquo;a permis d\u2019explorer la couleur, la composition et l\u2019\u00e9motion sur la surface.<br>Parall\u00e8lement, mon besoin de travailler la mati\u00e8re en volume m&rsquo;a naturellement conduite vers la sculpture o\u00f9 j&rsquo;ai \u00e9t\u00e9 accompagn\u00e9e pendant cinq ann\u00e9es par l\u2019artiste sculptrice Marie\u2011Jos\u00e8phe Stenne.<br>Cette \u00e9volution n\u2019a pas constitu\u00e9 une rupture, mais l\u2019extension naturelle de mon univers artistique, en m&rsquo;ouvrant la possibilit\u00e9 de cr\u00e9er dans l\u2019espace.<br>Mon travail s\u2019articule principalement autour de la sculpture en argile.\u00a0<br>J&rsquo;aime sculpter des \u00eatres vivants -animaux comme humains- pour tenter d\u2019en d\u00e9gager leur sensibilit\u00e9, leur pr\u00e9sence int\u00e9rieure, leur vibration singuli\u00e8re.\u00a0<br>Je mobilise \u00e9galement ma connaissance de la peinture pour finaliser mes pi\u00e8ces lors des patines, \u00e9tape essentielle qui r\u00e9v\u00e8le la profondeur de la mati\u00e8re.<\/p>\n<\/div><\/div>\n\n\n\n<p class=\"has-text-align-center alignwide is-style-text-display has-accent-5-color has-text-color has-link-color has-manrope-font-family has-medium-font-size wp-elements-2 is-style-text-display--1 wp-block-paragraph\">me contacter : <a href=\"mailto:iguiffant@sfr.fr\" target=\"_blank\" rel=\"noopener\">iguiffant@sfr.fr<\/a><\/p>\n","protected":false},"excerpt":{"rendered":"<p>Modeler le vivant en hommage \u00e0 la nature et \u00e0 sa faune. Bretonne d\u2019origine, je vis d\u00e9sormais en Touraine o\u00f9 j&rsquo;ai continu\u00e9 \u00e0 d\u00e9velopper mon parcours artistique au fil d\u2019explorations personnelles, de formations et de rencontres marquantes.Apr\u00e8s des \u00e9tudes musicales, je me suis tourn\u00e9e vers la peinture, un m\u00e9dium qui m&rsquo;a permis d\u2019explorer la couleur, [&hellip;]<\/p>\n","protected":false},"author":1,"featured_media":0,"parent":0,"menu_order":0,"comment_status":"closed","ping_status":"closed","template":"","meta":{"footnotes":""},"class_list":["post-18","page","type-page","status-publish","hentry"],"_links":{"self":[{"href":"https:\/\/isabelle-bodiguel.fr\/index.php\/wp-json\/wp\/v2\/pages\/18","targetHints":{"allow":["GET"]}}],"collection":[{"href":"https:\/\/isabelle-bodiguel.fr\/index.php\/wp-json\/wp\/v2\/pages"}],"about":[{"href":"https:\/\/isabelle-bodiguel.fr\/index.php\/wp-json\/wp\/v2\/types\/page"}],"author":[{"embeddable":true,"href":"https:\/\/isabelle-bodiguel.fr\/index.php\/wp-json\/wp\/v2\/users\/1"}],"replies":[{"embeddable":true,"href":"https:\/\/isabelle-bodiguel.fr\/index.php\/wp-json\/wp\/v2\/comments?post=18"}],"version-history":[{"count":13,"href":"https:\/\/isabelle-bodiguel.fr\/index.php\/wp-json\/wp\/v2\/pages\/18\/revisions"}],"predecessor-version":[{"id":354,"href":"https:\/\/isabelle-bodiguel.fr\/index.php\/wp-json\/wp\/v2\/pages\/18\/revisions\/354"}],"wp:attachment":[{"href":"https:\/\/isabelle-bodiguel.fr\/index.php\/wp-json\/wp\/v2\/media?parent=18"}],"curies":[{"name":"wp","href":"https:\/\/api.w.org\/{rel}","templated":true}]}}

<div class="wp-block-media-text alignfull is-stacked-on-mobile is-vertically-aligned-center" style="grid-template-columns:27% auto"><figure class="wp-block-media-text__media"><img loading="lazy" decoding="async" width="938" height="903" src="http://isabelle-bodiguel.fr/wp-content/uploads/2026/08/loup-moi.jpg" alt="" class="wp-image-55 size-full" srcset="https://isabelle-bodiguel.fr/wp-content/uploads/2026/08/loup-moi.jpg 938w, https://isabelle-bodiguel.fr/wp-content/uploads/2026/08/loup-moi-300x289.jpg 300w, https://isabelle-bodiguel.fr/wp-content/uploads/2026/08/loup-moi-768x739.jpg 768w" sizes="auto, (max-width: 938px) 100vw, 938px" /></figure><div class="wp-block-media-text__content">
<p class="has-contrast-color has-text-color has-link-color has-fira-sans-font-family has-medium-font-size wp-elements-1 wp-block-paragraph"><mark style="background-color:rgba(0, 0, 0, 0);color:#ac4e4e" class="has-inline-color">Modeler le vivant en hommage à la nature et à sa faune.</mark><br><br>Bretonne d’origine, je vis désormais en Touraine où j&rsquo;ai continué à développer mon parcours artistique au fil d’explorations personnelles, de formations et de rencontres marquantes.<br>Après des études musicales, je me suis tournée vers la peinture, un médium qui m&rsquo;a permis d’explorer la couleur, la composition et l’émotion sur la surface.<br>Parallèlement, mon besoin de travailler la matière en volume m&rsquo;a naturellement conduite vers la sculpture où j&rsquo;ai été accompagnée pendant cinq années par l’artiste sculptrice Marie‑Josèphe Stenne.<br>Cette évolution n’a pas constitué une rupture, mais l’extension naturelle de mon univers artistique, en m&rsquo;ouvrant la possibilité de créer dans l’espace.<br>Mon travail s’articule principalement autour de la sculpture en argile. <br>J&rsquo;aime sculpter des êtres vivants -animaux comme humains- pour tenter d’en dégager leur sensibilité, leur présence intérieure, leur vibration singulière. <br>Je mobilise également ma connaissance de la peinture pour finaliser mes pièces lors des patines, étape essentielle qui révèle la profondeur de la matière.</p>
</div></div>



<p class="has-text-align-center alignwide is-style-text-display has-accent-5-color has-text-color has-link-color has-manrope-font-family has-medium-font-size wp-elements-2 is-style-text-display--1 wp-block-paragraph">me contacter : <a href="mailto:iguiffant@sfr.fr" target="_blank" rel="noopener">iguiffant@sfr.fr</a></p>

<p>Modeler le vivant en hommage à la nature et à sa faune. Bretonne d’origine, je vis désormais en Touraine où j&rsquo;ai continué à développer mon parcours artistique au fil d’explorations personnelles, de formations et de rencontres marquantes.Après des études musicales, je me suis tournée vers la peinture, un médium qui m&rsquo;a permis d’explorer la couleur, [&hellip;]</p>
